7)?
83
(-72 - 1) + (12 - 29 - -29) + -10 + 0
-71
What is the value of 139 - 137 - (1 - 2) - (115 + 0)?
-112
What is -7 + -3 + (8 - (0 + 2)) + -37 + 19?
-22
44 + (9 + -25 - 6) + 0
22
-46 + (61 - 19) + -16
-20
Evaluate 2416 + -2404 - (4 + (-3 - -2 - -3)).
6
What is 33 - (-5 - (-19 + -52))?
-33
Calculate (21 - (86 - 107)) + 0 + (9 - 3).
48
What is the value of -1 - 19 - (-595 + 605 - (-5 + 2))?
-33
Calculate (17 - 17) + -1 - -4 - (-4 - -6).
1
Evaluate -192 + 102 - (5 - 59).
-36
Calculate 405 - 402 - (-8 + 1) - (-1 + 13).
-2
What is the value of 8 + -17 + (18 - 10) + 41 + -10?
30
Calculate (108 - 293 - -41) + 38.
-106
Evaluate 23 + -1 + (13 - 0) + 13.
48
Calculate -8 - (-7 + -37 + 74).
-38
What is 12 - (3 - (9 + -8 + -2 + 10))?
18
What is 53 + -32 - 8 - (1 + (2 - 18))?
28
16 - (-22 - (-2 + 1) - (46 + -55))
28
What is -2 - 64 - (16 + 0 + 519 + -525 + -1)?
-75
Evaluate 53 - (-23 - -16) - (3 + (0 - -4)).
53
Calculate (38 - (20 - 14 - 19)) + 4.
55
Evaluate 12 + -14 - (-28 + 3 + 14 + -4).
13
What is the value of -58 + (-51 - -132) - 11?
12
Evaluate -7 + -1 + (3 - (-58 + 2) - (-11 - -4)).
58
111 + -99 + 3 + -15 + -2 + 58
56
Evaluate 8 + 76 + -85 + (-33 - -5).
-29
Calculate 10 + 1 - 5 - 35 - (-83 - -96).
-42
What is the value of -43 - ((1 - 159) + (-1625 - -1658))?
82
(-101 - (-11 + 16)) + 200
94
Calculate 1 + -1 + (-11735 - -11700).
-35
(4 + 3 + -5 - (-1 + -2)) + (-122 - -151)
34
What is 5 + (-9 - (70 + -15)) - (-2 - -2 - 11)?
-48
Calculate -8 + (0 - (9 + -7)) + -205 + 208.
-7
What is 41 + -16 + 3 + 24?
52
Evaluate -47 + 13 - -23 - (-14 - 3) - 50.
-44
What is the value of -1 + (1 - -2) + -7 + (-31 - -19) + -3?
-20
What is the value of -426 + 406 + 67 + 4?
51
What is (28 - -3) + (13 - ((-4 - -14) + 13))?
21
Calculate 70 - (-53 - -69) - 39.
15
What is the value of 12 + 2 + 2 + 7 + 0 + (0 - -1)?
24
What is -31 + (-3 - -13) + (74 - 97)?
-44
(19 - (3 + -8 + 8 + 1)) + -86 + 0
-71
Evaluate -25 - (13 + -50 + 15 + 50).
-53
Evaluate 1 - 50 - (18 + -36 + -4 + 8).
-35
Calculate -2 - (209 - 193 - (14 + -1)).
-5
Evaluate 12 + -41 + 9 + (-14 - -19) + 115.
100
What is 18 + ((-4 - 13) + 16 - 5) - 74?
-62
What is 71 + -93 + (-12 - -95)?
61
-8 + 81 + -72 + 25
26
Calculate -13 + (47 - 72) - (-6 + 3 + 9).
-44
Evaluate -90 + (-5 - ((-22 - (-17 - 22)) + -5)).
-107
What is the value of -6 + (-2 - 50) + -10 + 22 + -2?
-48
-53 - (-22 + -39 - 55)
63
What is 8 + (42 - 58) + 36?
28
(11 - 0 - ((-17 - (-23 - -3)) + 65)) + 11
-46
What is (-11 - -2) + 18 - 8 - (16 + -19 + 5)?
-1
What is the value of (72 - -174) + -77 + -61?
108
What is (-638 - -562) + 1 + -3 + -1 + -12?
-91
Calculate 1 + 20 - (103 + 58 + -97).
-43
Calculate 9 + -23 + 23 + 23 + -3.
29
What is the value of -119 + 142 + -6 - (0 - 4)?
21
What is -20 + 5 + 28 + -13 + 1 - -45?
46
Evaluate -34 + (66 - (53 - 38)).
17
Calculate 62 + (18 - 5) + -26 + 6.
55
What is the value of -110 + 141 - (119 + -3)?
-85
What is 22 + 6 + 40 + -66?
2
Evaluate 0 + 7 - (4 + (-27 - ((20 - 9) + 45))).
86
What is 1 + 59 + -1237 + 1222?
45
Calculate (-1178 - -1308) + (-76 - 8).
46
(-114 - -1) + -13 + 9 + 28 + -18 - -6
-101
-18 + (-36 - (-164 + -11)) + -44
77
Evaluate -11 + -13 + (-13 - (-56 - -25)).
-6
Evaluate -19 - (-13 - -28) - (-5 - (-5 - (-9 + 2))).
-27
What is the value of -1 + -15 - (-673 + 653) - -93?
97
Calculate 45 + -17 - 15 - (57 - -9).
-53
(44 - (-2 - -21)) + -1 + 2 + (2 - 7)
21
What is the value of -125 + 8 + 96 + -76?
-97
Calculate -3 + -18 + 9 - (-101 + (13 - (17 + -12))).
81
9 + 12 - ((-8 - -25) + -5) - (2 - 9)
16
What is -11 + 84 - (-251 - -202)?
122
What is (-52 - -53) + -53 + 18?
-34
What is the value of -8 - (-6 + 8) - (42 - (76 - 22))?
2
41 - 11 - (34 + -48)
44
Evaluate -3 + (-2 - -3) - (-82 + -2 + 273 + -289).
98
What is the value of (14 - 114) + 61 + 0?
-39
What is (-12 + 62 - 8) + 2 + -9 - (-27 - -30)?
32
-44 + -7 - (-50 - -41) - 20
-62
Calculate -28 - ((35 - 28) + (4 + -12 - 5) + -4).
-18
What is the value of -6 + 21 - (-33 + (13 - -25))?
10
What is -41 + (93 - 56) - -11?
7
-45 - (5 + -2) - -1 - (-18 - 0 - -28)
-57
What is the value of 1 + (-2 - -109) + (-85 - (-70 - (11 + -5)))?
99
Evaluate 2 + 28 + (11 + -3 - 1).
37
-55 + -1 + (-122 - -236 - 100)
-42
0 + -1 + (-435 + 499 - (21 - (1 - 2)))
41
What is -5 + (138 - (55 + 24 + -69))?
123
What is (75 - 141) + (-6 - -5) + (-4 - -4) + -12?
-79
Evaluate 9 - (45 + 45 + -66).
-15
-151 + 178 + (22 - 9)
40
What is -3 + (-2 - -2) - (124 + -60 + 15 + -28)?
-54
What is -15 + (1 - ((3 - 0) + (307 - 321)))?
-3
53 + -98 + 53 + (-34 - (1 - -4))
-31
Calculate (-32 - (1 - (28 + -18))) + -66 - (1 + -4).
-86
Calculate -8 + 3 + -41 - (-29 + -9 - -33).
-41
6 + -12 - 4 - (7 + -14 + -61)
58
What is the value of 606 - 569 - ((6 - 0) + -90)?
121
Calculate 10 - (-3 + 1 + 29 + -7 + 4 + -4).
-10
Calculate 5 + (-9 - -1 - -80) - (-4 + 1 + 2).
78
What is 3 + (-48 - 5) + -8 + 26?
-32
What is the value of -125 + 52 + (1 - (4 - -3))?
-79
-66 + (88 + -166 - -257)
113
Evaluate -56 + 37 + 6 - (37 - 190).
140
What is the value of (6 - (4 - -2)) + 6 - (44 + -3 + 0)?
-35
Calculate -11 + -19 + 23 - (0 - 1) - 13.
-19
Evaluate (0 + 38 - (8 - -8)) + -16 - (19 - -1).
-14
133 + -184 + (-3 - -66)
12
What is -7 + -25 - ((-22 - -46) + -7 + -11)?
-38
Evaluate (28 - 0) + -2 - (909 + -908).
25
Evaluate 4 + 81 - (-3078 - -3259).
-96
What is the value of 29 + (8 - (-28 + 87)) - -71?
49
Calculate -623 - -567 - (-13 + -1) - (-13 - -29).
-58
What is 15 + -30 - (34 - -1) - (3 + 3 - 15)?
-41
What is (3 - (1 - -1)) + -43 + (72 - 20) + -97?
-87
Calculate 34 - (5 + (12 - (-6 + (29 - 6)))).
34
20 + (-68 + 66 - (27 - 2)) - (-128 + 3)
118
Evaluate -34 - (-32 + 61 + 1 + -79).
15
What is 32 + 2 + (18 - (-4 - -49 - 22))?
29
Evaluate -54 + (1 + -2 - 1 - (6199 - 6183)).
-72
Evaluate 16 + 2 + -6 - (31 - (22 + 3) - -43).
-37
Evaluate -88 + -104 + 215 - (-20 + 1).
42
Evaluate 47 + (-59 - 19) + -20 + 120.
69
Evaluate -38 + -47 - (0 + -12) - -6.
-67
-50 + 14 + 32 + -14 - (2 + -1)
-19
Evaluate 48 + (-47 - (-78 + 20)).
59
Evaluate (-72 - (-8 + 37)) + (-7 - (-3 - 19)).
-86
Evaluate -21 + (6 - -8) + 17 + 6.
16
Evaluate -12 + 8 + -37 - (-20 - -2).
-23
Evaluate -103 - -134 - (-6 - (12 - 15)).
34
Evaluate 1 + -30 + 25 - (1 + (-3 - -5)).
-7
What is 7 - (-26 + 9) - (-18 - 49)?
91
What is the value of (67 - -4) + (-1284 - -1338)?
125
(2 - (-3 - 4) - ((10 - -1) + 0)) + 2
0
What is -2 + (-50 + 15 + 16 - -23) + -1 + -75?
-74
What is -98 + 17 + (-240 - -297)?
-24
What is the value of 42 + -2 - (-17 + (-5 - -22) + 2)?
38
What is -136 + (95 - (42 - 46))?
-37
What is 26 - ((-124 - -108) + (87 - 3))?
-42
(16 - 23 - -23) + 15 + 5
36
Calculate 293 + -252 - (85 - 20).
-24
0 - 21 - (3962 + -4029)
46
15 + 0 - ((-2 - 21) + 5)
33
What is -36 + (17 - 75) + (11 - -18)?
-65
Calculate -91 + (-5 - (-2 - (31 - 41))).
-104
Calculate -91 + 184 + 16 + 9 + -8 + -5.
105
What is the value of 7 + -28 - (-111 + (-44 - -52))?
82
Calculate -35 + -26 + 10 + -3 - -36.
-18
Evaluate 0 - 15 - (34 - (-15 + 28)) - (2 - 1).
-37
(-80 - ((16 - 5) + -28)) + -15
-78
What is the value of -73 + (-11 - 22 - -48 - -18)?
-40
1 - (-17 + 22 + (-4 - 0)) - (-210 - -223)
-13
-55 - (-228 + 252 - (-2 - -13))
-68
-107 + (-63 + 45 - -1 - 11)
-135
Evaluate -2 - (9 + -4) - (-21 + 18) - -7.
3
What is the value of -59 - (-131 + -80) - 121?
31
-7 - -9 - (-5 + 10 - (-5 - -1) - -10)
-17
Evaluate (15 + -29 + 14 - (-8 - -7)) + -6.
-5
Calculate (-11 - ((8 - (15 - 20)) + 26)) + 18.
-32
88 + 2 - (29 - -78 - 86)
69
-191 - (-16 + -20) - -111
-44
What is 43 - -1 - ((20 - ((31 - 6) + -16)) + -16)?
49
What is -31 - 0 - (-21 - (8 - (-5 - -10) - 17))?
-24
What is the value of (101348 - 101364) + (130 - (-1 + 1))?
114
What is -40 + -2 - (-222 + 194)?
-14
Evaluate -22 - (-1 - 1 - (17 - 6 - 16)).
-25
Calculate 10 + -16 + (-440 - -450 - (7 + 0)) + 4.
1
Calculate 10 - ((-1 - 9) + -9 + (-50 - -39)).
40
Calculate 2 - (-7 + 4) - 3 - ((52 - 28) + -30).
8
80 + (26 - 0) + -86
20
What is the value of 33 + (47 - 43) - (-1 - -20)?
18
-16 - (-20 + 19 + -53) - (2 + 2)
34
What is the value of -63 + (51 - 91 - -71) + 8?
-24
Calculate (-44 - 19 - 6) + 30.
-39
Evaluate 13 + -61 - ((6 - 10) + 64 + -78).
-30
What is 2 - (14 + (-3 - -1)) - (63 - 136 - -160)?
-97
13 - -1 - (-77 - 2 - -20)
73
Calculate -30 - (-9 + -20 + 24).
-25
Evaluate 15 - (51 - (-24 + 